s -40572 (base 10) in base 2?
-1001111001111100
2202003121 (base 4) to base 2
10100010000011011001
10621370 (base 8) to base 10
2302712
What is 432123430 (base 5) in base 11?
1042175
100303330 (base 4) to base 6
1250444
32022014 (base 5) to base 2
1000001001101111110
-d9d60 (base 14) to base 3
-222202112202
What is -1104102 (base 8) in base 7?
-2344652
Convert -31440301 (base 5) to base 3.
-111110121122
63ff (base 16) to base 7
134430
Convert -612c2 (base 14) to base 12.
-b3376
What is -101100001010010101 (base 2) in base 16?
-2c295
Convert e091d (base 15) to base 9.
1303031
Convert -639a0 (base 11) to base 4.
-112231232
What is 1522825 (base 9) in base 5?
203420222
Convert -54404 (base 13) to base 14.
-3d6c9
Convert -158989 (base 10) to base 15.
-32194
What is -601 (base 9) in base 8?
-747
What is -12310022221 (base 4) in base 12?
-721a61
-12132033103 (base 4) to base 7
-20264500
What is -4011376 (base 8) in base 5?
-232202223
465410 (base 7) to base 6
1442452
What is -232444442 (base 5) in base 2?
-100000011011001100001
What is 11001110110011100 (base 2) in base 10?
105884
Convert -2012200102111 (base 3) to base 11.
-732656
1284482 (base 12) to base 7
43041110
What is 124c9 (base 15) in base 3?
2222012100
Convert -252667 (base 8) to base 14.
-23c47
What is -211a3ba (base 14) in base 2?
-111011110000000110010000
Convert -6da683 (base 15) to base 6.
-304303410
-1111111022121 (base 3) to base 11
-4a4902
What is -140100124 (base 5) in base 10?
-706289
What is 16123553 (base 7) in base 3?
2220212102202
Convert -11110010101011111 (base 2) to base 16.
-1e55f
-17975c (base 15) to base 7
-12511326
Convert 10212100212 (base 3) to base 2.
10010100100110010
What is -8507371 (base 9) in base 10?
-4552183
What is 1101000000101100000011 (base 2) in base 4?
31000230003
Convert 19644e (base 15) to base 12.
4b74a8
-304070 (base 8) to base 15
-1eb3d
Convert -49b42 (base 15) to base 4.
-321132110
What is -1423222203 (base 5) in base 9?
-7008774
Convert 37db16 (base 14) to base 2.
111010100110011101000
What is 1897131 (base 10) in base 16?
1cf2ab
Convert 121441321 (base 5) to base 4.
2031002233
What is 14033132 (base 5) in base 12?
6a859
Convert -a83b (base 16) to base 13.
-167ab
-343522031 (base 6) to base 5
-3110343413
What is -2403275 (base 8) in base 7?
-5404462
What is 2020101020 (base 3) in base 5?
2402031
Convert 5221252 (base 7) to base 10.
627139
-372104 (base 10) to base 14
-9986c
What is -412249 (base 11) in base 2?
-10100001100100101010
-27063 (base 12) to base 7
-312252
What is 416624 (base 10) in base 3?
210011111112
Convert 4550530 (base 6) to base 2.
111000101011110110
ada235 (base 16) to base 5
10403114003
Convert -100021301222 (base 4) to base 8.
-20116152
67481 (base 9) to base 8
127502
b00960 (base 12) to base 5
1200113040
What is 615176 (base 8) in base 5?
23002030
-1000010001010011110 (base 2) to base 15
-55471
4151095 (base 10) to base 16
3f5737
What is -1202253 (base 6) in base 15?
-138d0
What is 555039 (base 11) in base 15?
127407
What is -119572 (base 11) in base 12?
-91003
Convert 111011112121120 (base 3) to base 7.
113324451
Convert 100100122001 (base 3) to base 2.
101100111101101000
-161472 (base 8) to base 10
-58170
What is -242281 (base 9) in base 6?
-3044031
31c36 (base 15) to base 4
212210301
-255504 (base 7) to base 13
-18873
What is 1155343 (base 8) in base 14?
83d51
-cbca5 (base 14) to base 13
-14391b
What is -167bb0 (base 16) in base 3?
-2202212012110
Convert 12493 (base 12) to base 15.
7589
Convert -a071a (base 11) to base 9.
-244022
204442121 (base 5) to base 7
10205323
Convert 68883 (base 12) to base 6.
2553443
What is 593290 (base 13) in base 7?
24011251
What is 1066136 (base 7) in base 16?
20c2d
-11402016 (base 7) to base 16
-f65df
-727422 (base 9) to base 3
-210221110202
-10550b7 (base 12) to base 5
-1243122233
Convert b328 (base 15) to base 2.
1001001111001110
What is -1000001010100010001 (base 2) in base 4?
-1001110101
What is 122112200100 (base 3) in base 7?
2635512
-10003310322 (base 4) to base 10
-1064250
Convert 17d3d (base 16) to base 3.
11221212201
What is -15283 (base 9) in base 16?
-28cb
-277610 (base 8) to base 4
-113332020
What is 40345313 (base 7) in base 11?
1992512
What is 1515423500 (base 6) in base 11?
a813716
4007703 (base 9) to base 14
3d6a97
Convert 1011000100010101000001 (base 2) to base 9.
5411761
What is 2a1029 (base 15) in base 5?
1004402124
Convert -14204032 (base 8) to base 16.
-31081a
What is -3987975 (base 11) in base 16?
-6928ee
-533446 (base 8) to base 7
-1340554
What is ee5b (base 16) in base 11?
41932
What is -1242450143 (base 6) in base 4?
-320001312033
Convert 4066050 (base 7) to base 10.
487095
Convert -257483 (base 12) to base 11.
-38a437
Convert -86794 (base 12) to base 4.
-223103200
What is -341b1 (base 14) in base 6?
-2413555
338363 (base 9) to base 8
614322
Convert -1929496 (base 10) to base 16.
-1d7118
-1122402 (base 6) to base 10
-57602
Convert -220301032121 (base 4) to base 7.
-156561362
Convert -11010000100001000010010 (base 2) to base 13.
-1552cc1
What is -242122234 (base 5) in base 8?
-4236336
What is -2121220220001 (base 3) in base 5?
-324132310
What is ab46d (base 15) in base 11?
341aaa
-104e8c (base 16) to base 6
-34523340
What is -3011030141 (base 5) in base 2?
-10110101101110111100110
What is -1000000000000 (base 2) in base 9?
-5551
What is -24122045 (base 6) in base 2?
-10111000111001001101
-d423c1 (base 16) to base 11
-7936406
-802795 (base 10) to base 5
-201142140
7c770b (base 13) to base 16
2d2414
What is 253a73 (base 14) in base 15?
1a3a16
101040041 (base 5) to base 15
811b6
What is -1121656 (base 7) in base 9?
-232854
4691 (base 12) to base 11
5a19
Convert 3727055 (base 9) to base 3.
10210221001212
-3a974 (base 13) to base 9
-175800
Convert -62122 (base 8) to base 3.
-1022020012
Convert 2541f (base 16) to base 13.
54600
-23021000 (base 4) to base 6
-551132
Convert 31226132 (base 7) to base 8.
12016330
What is 1504442 (base 6) in base 13?
30533
What is -2940a8 (base 11) in base 8?
-1601061
What is 339023 (base 10) in base 3?
122020001102
514a8 (base 15) to base 8
767026
What is 2c15d (base 14) in base 6?
2205235
57422a (base 11) to base 15
130945
-158387 (base 9) to base 16
-17ed8
Convert -1055400 (base 7) to base 13.
-47b65
35455052 (base 7) to base 4
23332210103
Convert -138ab (base 12) to base 10.
-27203
17077246 (base 8) to base 9
7412341
Convert -11312145 (base 6) to base 13.
-c411b
5aa097 (base 11) to base 3
1211000211202
Convert 20653 (base 9) to base 4.
3111120
What is 1733018 (base 12) in base 16?
492b54
Convert 24034115 (base 6) to base 3.
1102011120202
Convert -934205 (base 10) to base 14.
-1a464d
What is 2743140 (base 9) in base 5?
341123043
Convert -67380 (base 11) to base 7.
-554406
Convert 21664556 (base 7) to base 13.
50b5c8
-d79cfb (base 16) to base 6
-1222510351
20c57c (base 16) to base 6
114011032
Convert a184a (base 11) to base 15.
2e128
What is 516a6 (base 11) in base 5?
4403003
-12829c4 (base 15) to base 3
-221001220011211
Convert 1155443535 (base 6) to base 14.
1ad752b
Convert 10140433 (base 6) to base 16.
478c5
What is -311322243 (base 5) in base 2?
-100110111101010011101
-5bd08 (base 15) to base 3
-112220011122
What is -21ab0 (base 14) in base 3?
-11011001120
What is 20294 (base 14) in base 13?
29294
23600 (base 9) to base 16
3db3
Convert 5641253 (base 8) to base 3.
2212110002002
-9187043 (base 10) to base 5
-4322441133
-221002023 (base 4) to base 5
-20334300
Convert -10011022212 (base 3) to base 14.
-18952
Convert 83638 (base 16) to base 5.
114210133
Convert 186418 (base 9) to base 3.
12220110122
Convert 27588 (base 15) to base 3.
20102000102
a4008 (base 11) to base 14
3d42a
What is 1130523323 (base 6) in base 12?
4296543
What is -1826a4 (base 12) in base 13?
-118a35
What is 2472c6 (base 14) in base 11?
783503
What is -17b9ac (base 13) in base 12?
-249622
40382 (base 14) to base 12
753ba
Convert 1010011111100000 (base 2) to base 11.
2a31a
What is 30ed8e (base 16) in base 3?
20000220112211
Convert 60050 (base 8) to base 9.
36681
What is -32432311 (base 5) in base 11?
-181687
226505 (base 9) to base 7
1104341
What is -5211341 (base 6) in base 7?
-2062153
-5502250 (base 6) to base 7
-2214012
What is 353322 (base 7) in base 6?
1210310
Wha